3
In base 15, what is 23 - 15?
d
In base 15, what is -3 - 27e?
-282
In base 15, what is 5 - -37b?
381
In base 3, what is -2101 + -1?
-2102
In base 15, what is -4 - -66?
62
In base 14, what is a2 + 14?
b6
In base 9, what is -3 + 1588?
1585
In base 5, what is 323 - -4?
332
In base 10, what is 0 + 77?
77
In base 5, what is 1203 - 10?
1143
In base 13, what is -ab41 + -2?
-ab43
In base 4, what is 111 - 220?
-103
In base 10, what is 3 + 1397?
1400
In base 3, what is -10212211 - -1?
-10212210
In base 8, what is 533 + -27?
504
In base 3, what is 2121202 + -1?
2121201
In base 3, what is -11 + -1102?
-1120
In base 6, what is 1255 - -5?
1304
In base 9, what is 22 + -14?
7
In base 3, what is 11011001 - 10?
11010221
In base 5, what is -10 - -123?
113
In base 13, what is 7 - 316?
-30c
In base 4, what is 33320 - -11?
33331
In base 10, what is -3 + -5354?
-5357
In base 11, what is 3 - -1360?
1363
In base 12, what is -7 - -44?
39
In base 4, what is -20 + 233?
213
In base 14, what is -1b4 + 0?
-1b4
In base 4, what is -2320010 - 1?
-2320011
In base 14, what is 4 - -1?
5
In base 11, what is -2 - -42?
40
In base 8, what is 53 + 4?
57
In base 11, what is -5 + 8?
3
In base 11, what is -1839 + 6?
-1833
In base 10, what is -791 - -2?
-789
In base 15, what is -2b + 2?
-29
In base 15, what is -1 + 3a?
39
In base 13, what is -14568 - 2?
-1456a
In base 12, what is 20 - 9?
13
In base 8, what is 621 - -1?
622
In base 7, what is -2 - 2510?
-2512
In base 4, what is 3 + -103310?
-103301
In base 3, what is 201 + -101?
100
In base 9, what is -408 + -10?
-418
In base 15, what is -22b9 + -2?
-22bb
In base 6, what is 0 - 42?
-42
In base 14, what is 3c + -7?
35
In base 7, what is -1 - 446?
-450
In base 12, what is 1 + 65?
66
In base 11, what is 3 + -1a?
-17
In base 5, what is -44 - 122?
-221
In base 10, what is 1 + -44?
-43
In base 14, what is 1d - -2a?
49
In base 6, what is 1 - 1430?
-1425
In base 12, what is 5 - 336?
-331
In base 9, what is -20 + 536?
516
In base 3, what is -1 - 220111?
-220112
In base 12, what is -3 - -86?
83
In base 5, what is 1 - 3340?
-3334
In base 2, what is 110001011111 + 0?
110001011111
In base 11, what is 23 - 10?
13
In base 14, what is -25 - -227?
202
In base 4, what is 21 - 13320?
-13233
In base 10, what is 23 + -10?
13
In base 13, what is -a2 + 1?
-a1
In base 15, what is 0 - 91?
-91
In base 13, what is -7a6 + -8?
-7b1
In base 6, what is -52 + 103?
11
In base 8, what is 10246 - 0?
10246
In base 14, what is -1 + 1d7?
1d6
In base 9, what is 250 - 105?
144
In base 14, what is 9 - -10?
19
In base 12, what is b - 23?
-14
In base 15, what is a + 1d?
28
In base 6, what is 5 - 224?
-215
In base 7, what is -234 - -211?
-23
In base 5, what is -33112 + -1?
-33113
In base 6, what is -53123 + 3?
-53120
In base 8, what is -17 + 32?
13
In base 11, what is -17 - -3?
-14
In base 3, what is 12220 - 12?
12201
In base 5, what is 0 - -30?
30
In base 7, what is 5 + 663?
1001
In base 2, what is -1011100 + 10?
-1011010
In base 11, what is 636 + -2?
634
In base 11, what is 4 - 3a8?
-3a4
In base 15, what is -66 - -a?
-5b
In base 13, what is -c - -51?
42
In base 16, what is -2 + 2a3?
2a1
In base 3, what is -2 - 211?
-220
In base 14, what is -24 - 53?
-77
In base 3, what is -220 - -20?
-200
In base 5, what is -212 + -10?
-222
In base 13, what is b01 + 0?
b01
In base 5, what is 11 + 131?
142
In base 4, what is -21 - -11?
-10
In base 15, what is 18d - -4?
192
In base 5, what is 13 + 110?
123
In base 9, what is -140 - 0?
-140
In base 6, what is -3 + -334?
-341
In base 12, what is -2 - 466?
-468
In base 6, what is 41 - -4?
45
In base 4, what is 11 - 2?
3
In base 4, what is 3 + 30?
33
In base 9, what is 23 + -7?
15
In base 8, what is 13 + 355?
370
In base 6, what is -24 - 304?
-332
In base 12, what is -1 - -31?
30
In base 9, what is 260 + 1?
261
In base 15, what is 5 + 33?
38
In base 12, what is -1900 + 1?
-18bb
In base 10, what is 44 + 8?
52
In base 8, what is 5 + 503?
510
In base 4, what is -3 - -100331?
100322
In base 16, what is 12 + -1a?
-8
In base 3, what is 11121220 + 2?
11121222
In base 12, what is -998 + 4?
-994
In base 2, what is -1001 - 1000?
-10001
In base 13, what is 0 - 10b?
-10b
In base 4, what is 223 + -1?
222
In base 14, what is 0 - cb?
-cb
In base 8, what is -3572 + 0?
-3572
In base 4, what is -112 - 1210?
-1322
In base 3, what is 101 - -121111?
121212
In base 10, what is -1 + -81?
-82
In base 9, what is -20 - -487?
467
In base 6, what is 335 - 5?
330
In base 2, what is -111 - 110111?
-111110
In base 13, what is 2 + -7?
-5
In base 6, what is -234 - 223?
-501
In base 6, what is -101 - -5?
-52
In base 13, what is c9 - 6?
c3
In base 6, what is -101 + -4?
-105
In base 8, what is 406 + -3?
403
In base 12, what is 2494 - 2?
2492
In base 2, what is -11100100 + 0?
-11100100
In base 9, what is -42 + -3?
-45
In base 4, what is 10 - -230?
300
In base 11, what is 2a2 - -5?
2a7
In base 5, what is 31 - 11?
20
In base 8, what is -4 + -107?
-113
In base 10, what is 2539 + 4?
2543
In base 11, what is -6 - 301?
-307
In base 7, what is 3 - 5431?
-5425
In base 16, what is 17 - 7?
10
In base 11, what is -4 + -aa?
-103
In base 16, what is 3c + -e?
2e
In base 6, what is 12 + -25?
-13
In base 4, what is -22 - 211?
-233
In base 9, what is 3 - 1?
2
In base 11, what is 28a2 + -5?
2898
In base 4, what is 120 - 211?
-31
In base 8, what is -426 + -2?
-430
In base 12, what is 1 - -44?
45
In base 16, what is 1914 - -3?
1917
In base 5, what is 11 - 14133?
-14122
In base 9, what is 267 - -1?
268
In base 15, what is -6 + 38?
32
In base 10, what is 4 - 206?
-202
In base 11, what is -9 - -3a2?
394
In base 16, what is -23 + -1b3?
-1d6
In base 14, what is 73 + -5?
6c
In base 14, what is -454 + 0?
-454
In base 12, what is 7 - -1?
8
In base 9, what is -37 - 621?
-658
In base 3, what is -200 - 0?
-200
In base 5, what is -101 - 12?
-113
In base 4, what is -1302 - -3?
-1233
In base 9, what is 5 + -63?
-57
In base 16, what is -388 + -4?
-38c
In base 14, what is -3 + -c09?
-c0c
In base 8, what is 262 - 51?
211
In base 12, what is 9 + -32?
-25
In base 2, what is -11 + -1011011000?
-1011011011
In base 3, what is -1 - -1221120?
1221112
In base 16, what is 21 + -4?
1d
In base 3, what is 101 - -20210111?
20210212
In base 2, what is -10100100001 + -10010?
-10100110011
In base 15, what is -2 + be?
bc
In base 3, what is -1011 + 11?
-1000
In base 16, what is -962 + -5?
-967
In base 5, what is 20343 - 0?
20343
In base 13, what is 1ba - 3?
1b7
In base 9, what is -20 - -40?
20
In base 15, what is -3 - 37?
-3a
In base 6, what is 2 - -4525?
4531
In base 6, what is 12 - -331?
343
In base 12, what is 40 - -21?
61
In base 13, what is -4 + -60a?
-611
In base 3, what is 202201 + 10?
202211
In base 9, what is 4 + 24?
28
In base 15, what is 6 - -34?
3a
In base 14, what is 77 + a?
83
In base 12, what is 0 + 71?
71
In base 11, what is -4790 - 2?
-4792
In base 11, what is -7 + -5?
-11
In base 5, what is 2033211 + 1?
2033212
In base 7, what is -4456 - -4?
-4452
In base 7, what is -41 + -11?
-52
In base 11, what is -2a3 + 2?
-2a1
In base 16, what is 6 - ff?
-f9
In base 9, what is 3 - -14?
17
In base 10, what is 3 - 176?
-173
In base 12, what is a + 8?
16
In base 8, what is 10 + -10?
0
In base 14, what is c5 - -4?
c9
In base 10, what is 135 + -47?
88
In base 7, what is -5 + -6160?
-6165
In base 8, what is 4 + 21?
25
In base 3, what is 200 - -2001?
2201
In base 4, what is -203103 + 1?
-203102
In base 6, what is -5 - 215?
-224
In base 9, what is -54 + -8?
-63
In base 5, what is -120 - 22?
-142
In base 10, what is 3 + 100?
103
In base 16, what is -20 + 9?
-17
In base 15, what is 373 + 13?
386
In base 3, what is 10 - 1112?
-1102
In base 11, what is -28 - -1?
-27
In base 5, what is 4123 - 14?
4104
In base 4, what is 1 - -21?
22
In base 7, what is -552 - 16?
-601
In base 15, what is 3 - -3e?
42
In base 8, what is 0 - -1651?
1651
In base 8, what is -63 - 103?
-166
In base 2, what is -10100 - 10011010000?
-10011100100
In base 4, what is 11231 - 0?
11231
In base 7, what is 166 - -1?
200
In base 7, what is 353 + 6?
362
In base 5, what is 10 - -4?
14
In base 14, what is 44 + 3?
47
In base 7, what is 1 + 2341?
2342
In base 5, what is -431211 - 4?
-431220
In base 7, what is 3 + 5145?
5151
In base 2, what is 1111011 - 1000?
1110011
In base 10, what 